{"id":331,"date":"2024-02-20T03:44:33","date_gmt":"2024-02-20T02:44:33","guid":{"rendered":"https:\/\/pixostudio.com\/?page_id=331"},"modified":"2025-09-02T21:02:35","modified_gmt":"2025-09-02T19:02:35","slug":"nuestro-equipo","status":"publish","type":"page","link":"https:\/\/pixostudio.com\/index.php\/nuestro-equipo\/","title":{"rendered":"Nuestro Equipo"},"content":{"rendered":"\n<p class=\"has-primary-color has-text-color\"><strong>Forjando el futuro empresarial a trav\u00e9s del conocimiento y la innovaci\u00f3n<\/strong><\/p>\n\n\n\n<div class=\"wp-block-columns is-layout-flex wp-container-core-columns-is-layout-28f84493 wp-block-columns-is-layout-flex\">\n<div class=\"wp-block-column is-layout-flow wp-block-column-is-layout-flow\">\n<div class=\"wp-block-uagb-team uagb-team__image-position-above uagb-team__align-center uagb-team__stack-tablet uagb-block-3ec02440\">\n<div class=\"uagb-team__content\"><img decoding=\"async\" class=\"uagb-team__image-crop-normal\" src=\"https:\/\/pixostudio.com\/wp-content\/uploads\/2025\/09\/Jader-Castano.png\" alt=\"\" width=\"161\" height=\"161\" \/>\n<h3 class=\"uagb-team__title\">Jader Casta\u00f1o<\/h3>\n<span class=\"uagb-team__prefix\">CEO<\/span>\n<p class=\"uagb-team__desc\">Experto en Administraci\u00f3n y Gerencia de Proyectos con m\u00e1s de 20 a\u00f1os de experiencia. Especializado en planificaci\u00f3n, organizaci\u00f3n y control eficiente para satisfacer las necesidades de los stakeholders. Con habilidades en comunicaci\u00f3n asertiva, desarrollo de equipos y gesti\u00f3n estrat\u00e9gica.<\/p>\n<\/div>\n<\/div>\n<\/div>\n\n\n\n<div class=\"wp-block-column is-layout-flow wp-block-column-is-layout-flow\">\n<div class=\"wp-block-uagb-team uagb-team__image-position-above uagb-team__align-center uagb-team__stack-tablet uagb-block-3ec02440\">\n<div class=\"uagb-team__content\"><img decoding=\"async\" class=\"uagb-team__image-crop-normal aligncenter\" src=\"https:\/\/pixostudio.com\/wp-content\/uploads\/2025\/09\/Carolina-Cepeda-e1756823734508.png\" alt=\"\" width=\"207\" height=\"207\" \/>\n<h3 class=\"uagb-team__title\">Carolina Cepeda<\/h3>\n<span class=\"uagb-team__prefix\">Dir. Desarrollo Negocios Corporativos<\/span>\n<p class=\"uagb-team__desc\">L\u00edder de transformaci\u00f3n\u00a0enfocada en promover el emprendimiento y la aceleraci\u00f3n de proyectos, impulsando estrategias innovadoras que fortalecen comunidades acad\u00e9micas y generan impacto real en el desarrollo institucional.<\/p>\n<\/div>\n<\/div>\n<\/div>\n<\/div>\n\n\n\n<div class=\"wp-block-columns is-layout-flex wp-container-core-columns-is-layout-28f84493 wp-block-columns-is-layout-flex\">\n<div class=\"wp-block-column is-layout-flow wp-block-column-is-layout-flow\">\n<div class=\"wp-block-uagb-team uagb-team__image-position-above uagb-team__align-center uagb-team__stack-tablet uagb-block-3ec02440\">\n<div class=\"uagb-team__content\"><img decoding=\"async\" class=\"uagb-team__image-crop-normal\" src=\"https:\/\/pixostudio.com\/wp-content\/uploads\/2025\/09\/Javier-Fernando-Venegas-Cuervo-1.png\" alt=\"\" width=\"161\" height=\"161\" \/>\n<h3 class=\"uagb-team__title\">Javier Venegas Cuervo<\/h3>\n<span class=\"uagb-team__prefix\">Director de Operaciones<\/span>\n<p class=\"uagb-team__desc\">Ingeniero Industrial y MBA con experiencia en educaci\u00f3n virtual en LATAM. Ha liderado proyectos de \u00e9xito estudiantil, permanencia y mejora de procesos, con dominio en gesti\u00f3n de equipos, KPIs y an\u00e1lisis de datos, orientado a resultados y mejora continua.<\/p>\n<\/div>\n<\/div>\n<\/div>\n\n\n\n<div class=\"wp-block-column is-layout-flow wp-block-column-is-layout-flow\">\n<div class=\"wp-block-uagb-team uagb-team__image-position-above uagb-team__align-center uagb-team__stack-tablet uagb-block-3ec02440\">\n<div class=\"uagb-team__content\"><img loading=\"lazy\" decoding=\"async\" class=\"uagb-team__image-crop-normal\" src=\"https:\/\/pixostudio.com\/wp-content\/uploads\/2025\/09\/Alexander-Tinoco.png\" alt=\"\" width=\"161\" height=\"161\" \/>\n<h3 class=\"uagb-team__title\">Alexander Tinoco<\/h3>\n<span class=\"uagb-team__prefix\">Dir. Administrativo y Financiero<\/span>\n<p class=\"uagb-team__desc\">L\u00edder en la gesti\u00f3n financiera y administrativa, garantiza estabilidad, eficiencia y crecimiento sostenible, fortaleciendo la confianza de aliados y el cumplimiento de los objetivos corporativos.<\/p>\n<\/div>\n<\/div>\n<\/div>\n<\/div>\n\n\n\n<div class=\"wp-block-columns is-layout-flex wp-container-core-columns-is-layout-28f84493 wp-block-columns-is-layout-flex\">\n<div class=\"wp-block-column is-layout-flow wp-block-column-is-layout-flow\">\n<div class=\"wp-block-uagb-team uagb-team__image-position-above uagb-team__align-center uagb-team__stack-tablet uagb-block-735d12d5\">\n<div class=\"uagb-team__content\"><img loading=\"lazy\" decoding=\"async\" class=\"uagb-team__image-crop-normal\" src=\"https:\/\/pixostudio.com\/wp-content\/uploads\/2025\/09\/Daniel-Zambrano.png\" alt=\"\" width=\"161\" height=\"161\" \/>\n<h3 class=\"uagb-team__title\">Daniel Zambrano<\/h3>\n<span class=\"uagb-team__prefix\">Dir. Marketing y Estrategia Digital<\/span>\n<p class=\"uagb-team__desc\">Estratega de marketing 360\u00b0 con experiencia en planes Cross Channel, marketing digital y gesti\u00f3n de medios. Enfocado en data-driven marketing, posicionamiento de marca y crecimiento sostenible.<\/p>\n<\/div>\n<\/div>\n<\/div>\n\n\n\n<div class=\"wp-block-column is-layout-flow wp-block-column-is-layout-flow\"><\/div>\n<\/div>\n","protected":false},"excerpt":{"rendered":"<p>Forjando el futuro empresarial a trav\u00e9s del conocimiento y la innovaci\u00f3n Jader Casta\u00f1o CEO Experto en Administraci\u00f3n y Gerencia de Proyectos con m\u00e1s de 20 a\u00f1os de experiencia. Especializado en planificaci\u00f3n, organizaci\u00f3n y control eficiente para satisfacer las necesidades de los stakeholders. Con habilidades en comunicaci\u00f3n asertiva, desarrollo de equipos y gesti\u00f3n estrat\u00e9gica. Carolina Cepeda [&hellip;]<\/p>\n","protected":false},"author":1,"featured_media":0,"parent":0,"menu_order":0,"comment_status":"closed","ping_status":"closed","template":"","meta":{"content-type":"","_uag_custom_page_level_css":"","footnotes":""},"class_list":["post-331","page","type-page","status-publish","hentry"],"uagb_featured_image_src":{"full":false,"thumbnail":false,"medium":false,"medium_large":false,"large":false,"1536x1536":false,"2048x2048":false},"uagb_author_info":{"display_name":"soporte@pixostudio.com","author_link":"https:\/\/pixostudio.com\/author\/soportepixostudio-com\/"},"uagb_comment_info":0,"uagb_excerpt":"Forjando el futuro empresarial a trav\u00e9s del conocimiento y la innovaci\u00f3n Jader Casta\u00f1o CEO Experto en Administraci\u00f3n y Gerencia de Proyectos con m\u00e1s de 20 a\u00f1os de experiencia. Especializado en planificaci\u00f3n, organizaci\u00f3n y control eficiente para satisfacer las necesidades de los stakeholders. Con habilidades en comunicaci\u00f3n asertiva, desarrollo de equipos y gesti\u00f3n estrat\u00e9gica. Carolina Cepeda&hellip;","_links":{"self":[{"href":"https:\/\/pixostudio.com\/index.php\/wp-json\/wp\/v2\/pages\/331","targetHints":{"allow":["GET"]}}],"collection":[{"href":"https:\/\/pixostudio.com\/index.php\/wp-json\/wp\/v2\/pages"}],"about":[{"href":"https:\/\/pixostudio.com\/index.php\/wp-json\/wp\/v2\/types\/page"}],"author":[{"embeddable":true,"href":"https:\/\/pixostudio.com\/index.php\/wp-json\/wp\/v2\/users\/1"}],"replies":[{"embeddable":true,"href":"https:\/\/pixostudio.com\/index.php\/wp-json\/wp\/v2\/comments?post=331"}],"version-history":[{"count":52,"href":"https:\/\/pixostudio.com\/index.php\/wp-json\/wp\/v2\/pages\/331\/revisions"}],"predecessor-version":[{"id":469,"href":"https:\/\/pixostudio.com\/index.php\/wp-json\/wp\/v2\/pages\/331\/revisions\/469"}],"wp:attachment":[{"href":"https:\/\/pixostudio.com\/index.php\/wp-json\/wp\/v2\/media?parent=331"}],"curies":[{"name":"wp","href":"https:\/\/api.w.org\/{rel}","templated":true}]}}

<p class="has-primary-color has-text-color"><strong>Forjando el futuro empresarial a través del conocimiento y la innovación</strong></p>



<div class="wp-block-columns is-layout-flex wp-container-core-columns-is-layout-28f84493 wp-block-columns-is-layout-flex">
<div class="wp-block-column is-layout-flow wp-block-column-is-layout-flow">
<div class="wp-block-uagb-team uagb-team__image-position-above uagb-team__align-center uagb-team__stack-tablet uagb-block-3ec02440">
<div class="uagb-team__content"><img decoding="async" class="uagb-team__image-crop-normal" src="https://pixostudio.com/wp-content/uploads/2025/09/Jader-Castano.png" alt="" width="161" height="161" />
<h3 class="uagb-team__title">Jader Castaño</h3>
<span class="uagb-team__prefix">CEO</span>
<p class="uagb-team__desc">Experto en Administración y Gerencia de Proyectos con más de 20 años de experiencia. Especializado en planificación, organización y control eficiente para satisfacer las necesidades de los stakeholders. Con habilidades en comunicación asertiva, desarrollo de equipos y gestión estratégica.</p>
</div>
</div>
</div>



<div class="wp-block-column is-layout-flow wp-block-column-is-layout-flow">
<div class="wp-block-uagb-team uagb-team__image-position-above uagb-team__align-center uagb-team__stack-tablet uagb-block-3ec02440">
<div class="uagb-team__content"><img decoding="async" class="uagb-team__image-crop-normal aligncenter" src="https://pixostudio.com/wp-content/uploads/2025/09/Carolina-Cepeda-e1756823734508.png" alt="" width="207" height="207" />
<h3 class="uagb-team__title">Carolina Cepeda</h3>
<span class="uagb-team__prefix">Dir. Desarrollo Negocios Corporativos</span>
<p class="uagb-team__desc">Líder de transformación enfocada en promover el emprendimiento y la aceleración de proyectos, impulsando estrategias innovadoras que fortalecen comunidades académicas y generan impacto real en el desarrollo institucional.</p>
</div>
</div>
</div>
</div>



<div class="wp-block-columns is-layout-flex wp-container-core-columns-is-layout-28f84493 wp-block-columns-is-layout-flex">
<div class="wp-block-column is-layout-flow wp-block-column-is-layout-flow">
<div class="wp-block-uagb-team uagb-team__image-position-above uagb-team__align-center uagb-team__stack-tablet uagb-block-3ec02440">
<div class="uagb-team__content"><img decoding="async" class="uagb-team__image-crop-normal" src="https://pixostudio.com/wp-content/uploads/2025/09/Javier-Fernando-Venegas-Cuervo-1.png" alt="" width="161" height="161" />
<h3 class="uagb-team__title">Javier Venegas Cuervo</h3>
<span class="uagb-team__prefix">Director de Operaciones</span>
<p class="uagb-team__desc">Ingeniero Industrial y MBA con experiencia en educación virtual en LATAM. Ha liderado proyectos de éxito estudiantil, permanencia y mejora de procesos, con dominio en gestión de equipos, KPIs y análisis de datos, orientado a resultados y mejora continua.</p>
</div>
</div>
</div>



<div class="wp-block-column is-layout-flow wp-block-column-is-layout-flow">
<div class="wp-block-uagb-team uagb-team__image-position-above uagb-team__align-center uagb-team__stack-tablet uagb-block-3ec02440">
<div class="uagb-team__content"><img loading="lazy" decoding="async" class="uagb-team__image-crop-normal" src="https://pixostudio.com/wp-content/uploads/2025/09/Alexander-Tinoco.png" alt="" width="161" height="161" />
<h3 class="uagb-team__title">Alexander Tinoco</h3>
<span class="uagb-team__prefix">Dir. Administrativo y Financiero</span>
<p class="uagb-team__desc">Líder en la gestión financiera y administrativa, garantiza estabilidad, eficiencia y crecimiento sostenible, fortaleciendo la confianza de aliados y el cumplimiento de los objetivos corporativos.</p>
</div>
</div>
</div>
</div>



<div class="wp-block-columns is-layout-flex wp-container-core-columns-is-layout-28f84493 wp-block-columns-is-layout-flex">
<div class="wp-block-column is-layout-flow wp-block-column-is-layout-flow">
<div class="wp-block-uagb-team uagb-team__image-position-above uagb-team__align-center uagb-team__stack-tablet uagb-block-735d12d5">
<div class="uagb-team__content"><img loading="lazy" decoding="async" class="uagb-team__image-crop-normal" src="https://pixostudio.com/wp-content/uploads/2025/09/Daniel-Zambrano.png" alt="" width="161" height="161" />
<h3 class="uagb-team__title">Daniel Zambrano</h3>
<span class="uagb-team__prefix">Dir. Marketing y Estrategia Digital</span>
<p class="uagb-team__desc">Estratega de marketing 360° con experiencia en planes Cross Channel, marketing digital y gestión de medios. Enfocado en data-driven marketing, posicionamiento de marca y crecimiento sostenible.</p>
</div>
</div>
</div>



<div class="wp-block-column is-layout-flow wp-block-column-is-layout-flow"></div>
</div>

<p>Forjando el futuro empresarial a través del conocimiento y la innovación Jader Castaño CEO Experto en Administración y Gerencia de Proyectos con más de 20 años de experiencia. Especializado en planificación, organización y control eficiente para satisfacer las necesidades de los stakeholders. Con habilidades en comunicación asertiva, desarrollo de equipos y gestión estratégica. Carolina Cepeda [&hellip;]</p>

Forjando el futuro empresarial a través del conocimiento y la innovación Jader Castaño CEO Experto en Administración y Gerencia de Proyectos con más de 20 años de experiencia. Especializado en planificación, organización y control eficiente para satisfacer las necesidades de los stakeholders. Con habilidades en comunicación asertiva, desarrollo de equipos y gestión estratégica. Carolina Cepeda&hellip;
